{"id":1804,"date":"2025-01-05T18:16:52","date_gmt":"2025-01-05T18:16:52","guid":{"rendered":"https:\/\/chumblin.gob.ec\/azuay\/?page_id=1804"},"modified":"2026-05-07T11:57:43","modified_gmt":"2026-05-07T15:57:43","slug":"rendicion-de-cuentas-2025","status":"publish","type":"page","link":"https:\/\/chumblin.gob.ec\/azuay\/rendicion-de-cuentas-2025\/","title":{"rendered":"Rendici\u00f3n de Cuentas 2025"},"content":{"rendered":"<h3><strong>FASE I<\/strong><\/h3>\n<ul>\n<li><a href=\"https:\/\/chumblin.gob.ec\/azuay\/wp-content\/uploads\/2026\/04\/4.-RESOLUCION-DE-INICIO-DE-PROCESO-DE-LA-RENDICION-DE-CUENTAS-2025-signed.pdf\">4. RESOLUCION DE INICIO DE PROCESO DE LA RENDICION DE CUENTAS 2025-signed<\/a><\/li>\n<li><a href=\"https:\/\/chumblin.gob.ec\/azuay\/wp-content\/uploads\/2026\/04\/PLAN-DE-TRABAJO-FINAL-2023-01.pdf\">PLAN DE TRABAJO FINAL 2023 -01<\/a><\/li>\n<li><a href=\"https:\/\/chumblin.gob.ec\/azuay\/wp-content\/uploads\/2026\/04\/PROYECTOS-2025-CHUMBLIN.pdf\">PROYECTOS 2025- CHUMBLIN<\/a><\/li>\n<li><a href=\"https:\/\/chumblin.gob.ec\/azuay\/wp-content\/uploads\/2026\/04\/Convocatoria-Rendicion-de-cuentas-Fase-I.pdf\">Convocatoria Rendici\u00f3n de cuentas Fase I<\/a><\/li>\n<li><a href=\"https:\/\/chumblin.gob.ec\/azuay\/wp-content\/uploads\/2026\/04\/Oficios-Enviados-Rendicion-de-cuentas-Fase-I.pdf\">Oficios Enviados Rendici\u00f3n de cuentas Fase I<\/a><\/li>\n<\/ul>\n<h3><strong>FASE II<\/strong><\/h3>\n<p>&nbsp;<\/p>\n<h3>Certificados de Curso de Rendici\u00f3n de cuentas 2025<\/h3>\n<ul>\n<li><a href=\"https:\/\/chumblin.gob.ec\/azuay\/wp-content\/uploads\/2026\/05\/Sr.-Benito-Paccha.pdf\">Sr. Benito Paccha<\/a><\/li>\n<li><a href=\"https:\/\/chumblin.gob.ec\/azuay\/wp-content\/uploads\/2026\/05\/Tnlga.-Erika-Japa.pdf\">Tnlga. Erika Japa<\/a><\/li>\n<li><a href=\"https:\/\/chumblin.gob.ec\/azuay\/wp-content\/uploads\/2026\/05\/Arq.-Mayra-Pazato-Tecnico.pdf\">Arq. Mayra Pazato Tecnico<\/a><\/li>\n<li><a href=\"https:\/\/chumblin.gob.ec\/azuay\/wp-content\/uploads\/2026\/05\/Sr.-Carlos-Guallpa.pdf\">Sr. Carlos Guallpa<\/a><\/li>\n<li><a href=\"https:\/\/chumblin.gob.ec\/azuay\/wp-content\/uploads\/2026\/05\/Sr.-Carlos-Arevalo.pdf\">Sr. Carlos Arevalo<\/a><\/li>\n<\/ul>\n<h3>Proyectos Ejecutados<\/h3>\n<ul>\n<li><a href=\"https:\/\/chumblin.gob.ec\/azuay\/wp-content\/uploads\/2026\/05\/1_PROGRAMA-DE-CUIDADO-DEL-MEDIO-AMBIENTE-signed-signed-signed-signed-signed-signed-signed-signed.pdf\">1_PROGRAMA DE CUIDADO DEL MEDIO AMBIENTE-signed-signed-signed-signed-signed-signed-signed-signed <\/a><\/li>\n<li><a href=\"https:\/\/chumblin.gob.ec\/azuay\/wp-content\/uploads\/2026\/05\/2_PROGRAMA-DE-PROTECCION-Y-CONSERVACION-DE-AREAS-PROTEGIDAS-Y-DE-FUENTES-HIDRICAS-signed-signed-signed-signed-signed-signed-signed-signed.pdf\">2_PROGRAMA DE PROTECCION Y CONSERVACION DE AREAS PROTEGIDAS Y DE FUENTES HIDRICAS-signed-signed-signed-signed-signed-signed-signed-signed<\/a><\/li>\n<li><a href=\"https:\/\/chumblin.gob.ec\/azuay\/wp-content\/uploads\/2026\/05\/3_PROYECTO-RESCATE-CULTURAL-COSTUMBRES-Y-TRADICIONES-signed-signed-signed-signed-signed-signed-signed-signed.pdf\">3_PROYECTO RESCATE CULTURAL COSTUMBRES Y TRADICIONES-signed-signed-signed-signed-signed-signed-signed-signed<\/a><\/li>\n<li><a href=\"https:\/\/chumblin.gob.ec\/azuay\/wp-content\/uploads\/2026\/05\/4_GRUPOS-DE-ATENCION-PRIORITARIA-PROGRAMAS-DE-DESARROLLO-signed-signed-signed-signed-signed-signed-signed-signed.pdf\">4_GRUPOS DE ATENCION PRIORITARIA PROGRAMAS DE DESARROLLO-signed-signed-signed-signed-signed-signed-signed-signed<\/a><\/li>\n<li><a href=\"https:\/\/chumblin.gob.ec\/azuay\/wp-content\/uploads\/2026\/05\/5_PROYECTO-PRODUCTIVO-AGRICOLA-AMBIENTAL-signed-signed-signed-signed-signed-signed-signed-signed.pdf\">5_PROYECTO PRODUCTIVO AGRICOLA AMBIENTAL-signed-signed-signed-signed-signed-signed-signed-signed<\/a><\/li>\n<li><a href=\"https:\/\/chumblin.gob.ec\/azuay\/wp-content\/uploads\/2026\/05\/6_MANTENIMIENTO-DEL-CEMENTERIO-PARROQUIAL-signed-signed-signed-signed-signed-signed-signed-signed.pdf\">6_MANTENIMIENTO DEL CEMENTERIO PARROQUIAL-signed-signed-signed-signed-signed-signed-signed-signed<\/a><\/li>\n<li><a href=\"https:\/\/chumblin.gob.ec\/azuay\/wp-content\/uploads\/2026\/05\/7_MANTENIMIENTO-DE-BANOS-PUBLICOS-signed-signed-signed-signed-signed-signed-signed-signed.pdf\">7_MANTENIMIENTO DE BA\u00d1OS P\u00daBLICOS-signed-signed-signed-signed-signed-signed-signed-signed<\/a><\/li>\n<li><a href=\"https:\/\/chumblin.gob.ec\/azuay\/wp-content\/uploads\/2026\/05\/8_MANTENIMIENTO-DEL-ESTADIO-signed-signed-signed-signed-signed-signed-signed-signed.pdf\">8_MANTENIMIENTO DEL ESTADIO-signed-signed-signed-signed-signed-signed-signed-signed<\/a><\/li>\n<li><a href=\"https:\/\/chumblin.gob.ec\/azuay\/wp-content\/uploads\/2026\/05\/9_MANTENIMIENTO-DEL-PARQUE-CENTRAL-signed-signed-signed-signed-signed-signed-signed-signed.pdf\">9_MANTENIMIENTO DEL PARQUE CENTRAL-signed-signed-signed-signed-signed-signed-signed-signed<\/a><\/li>\n<li><a href=\"https:\/\/chumblin.gob.ec\/azuay\/wp-content\/uploads\/2026\/05\/10_MANTENIMIENTO-MEJORAMIENTO-Y-CONSTRUCCION-DE-REDES-DE-INFRAESTRUCTURA-signed-signed-signed-signed-signed-signed-signed-signed.pdf\">10_MANTENIMIENTO, MEJORAMIENTO Y CONSTRUCCION DE REDES DE INFRAESTRUCTURA-signed-signed-signed-signed-signed-signed-signed-signed<\/a><\/li>\n<li><a href=\"https:\/\/chumblin.gob.ec\/azuay\/wp-content\/uploads\/2026\/05\/11_MANTENIMIENTO-VIAL-DELEGADO-signed-signed-signed-signed-signed-signed-signed-signed.pdf\">11_MANTENIMIENTO VIAL DELEGADO-signed-signed-signed-signed-signed-signed-signed-signed<\/a><\/li>\n<li><a href=\"https:\/\/chumblin.gob.ec\/azuay\/wp-content\/uploads\/2026\/05\/12_MANTENIMIENTO-VIAL-DOBLE-TRATAMIENTO-signed-signed-signed-signed-signed-signed-signed-signed.pdf\">12_MANTENIMIENTO VIAL DOBLE TRATAMIENTO-signed-signed-signed-signed-signed-signed-signed-signed<\/a><\/li>\n<li><a href=\"https:\/\/chumblin.gob.ec\/azuay\/wp-content\/uploads\/2026\/05\/13_MANTENIMIENTO-VIAL-RUTINARIO-signed-signed-signed-signed-signed-signed-signed-signed.pdf\">13_MANTENIMIENTO VIAL RUTINARIO-signed-signed-signed-signed-signed-signed-signed-signed<\/a><\/li>\n<\/ul>\n<p>&nbsp;<\/p>\n","protected":false},"excerpt":{"rendered":"<p>FASE I 4. RESOLUCION DE INICIO DE PROCESO DE LA RENDICION DE CUENTAS 2025-signed PLAN DE TRABAJO FINAL 2023 -01 PROYECTOS 2025- CHUMBLIN Convocatoria Rendici\u00f3n de cuentas Fase I Oficios Enviados Rendici\u00f3n de cuentas Fase I FASE II &nbsp; Certificados de Curso de Rendici\u00f3n de cuentas 2025 Sr. Benito Paccha Tnlga. Erika Japa Arq. Mayra [&hellip;]<\/p>\n","protected":false},"author":8,"featured_media":0,"parent":0,"menu_order":0,"comment_status":"closed","ping_status":"closed","template":"","meta":{"footnotes":""},"yst_prominent_words":[31,29,30],"class_list":["post-1804","page","type-page","status-publish","hentry"],"_links":{"self":[{"href":"https:\/\/chumblin.gob.ec\/azuay\/wp-json\/wp\/v2\/pages\/1804","targetHints":{"allow":["GET"]}}],"collection":[{"href":"https:\/\/chumblin.gob.ec\/azuay\/wp-json\/wp\/v2\/pages"}],"about":[{"href":"https:\/\/chumblin.gob.ec\/azuay\/wp-json\/wp\/v2\/types\/page"}],"author":[{"embeddable":true,"href":"https:\/\/chumblin.gob.ec\/azuay\/wp-json\/wp\/v2\/users\/8"}],"replies":[{"embeddable":true,"href":"https:\/\/chumblin.gob.ec\/azuay\/wp-json\/wp\/v2\/comments?post=1804"}],"version-history":[{"count":10,"href":"https:\/\/chumblin.gob.ec\/azuay\/wp-json\/wp\/v2\/pages\/1804\/revisions"}],"predecessor-version":[{"id":5763,"href":"https:\/\/chumblin.gob.ec\/azuay\/wp-json\/wp\/v2\/pages\/1804\/revisions\/5763"}],"wp:attachment":[{"href":"https:\/\/chumblin.gob.ec\/azuay\/wp-json\/wp\/v2\/media?parent=1804"}],"wp:term":[{"taxonomy":"yst_prominent_words","embeddable":true,"href":"https:\/\/chumblin.gob.ec\/azuay\/wp-json\/wp\/v2\/yst_prominent_words?post=1804"}],"curies":[{"name":"wp","href":"https:\/\/api.w.org\/{rel}","templated":true}]}}